
643, 1303
List the prime factors of 26152673.
37, 706829
List the prime factors of 1514313.
3, 113, 1489
List the prime factors of 6713095.
5, 37, 131, 277
What are the prime factors of 85226?
2, 43, 991
List the prime factors of 507379.
83, 6113
What are the prime factors of 259668?
2, 3, 7213
What are the prime factors of 16715640?
2, 3, 5, 139297
List the prime factors of 573567.
3, 191189
List the prime factors of 764089.
764089
What are the prime factors of 168594?
2, 3, 28099
List the prime factors of 5634763.
43, 131041
List the prime factors of 398710.
2, 5, 13, 3067
What are the prime factors of 292591?
13, 71, 317
List the prime factors of 324166.
2, 109, 1487
List the prime factors of 80288.
2, 13, 193
List the prime factors of 1663857.
3, 13, 14221
List the prime factors of 266528.
2, 8329
List the prime factors of 650745.
3, 5, 14461
What are the prime factors of 3268662?
2, 3, 47, 67, 173
What are the prime factors of 1881147?
3, 23, 137, 199
What are the prime factors of 669766?
2, 17, 19699
List the prime factors of 590887.
11, 53717
List the prime factors of 1962511.
71, 131, 211
What are the prime factors of 1607146?
2, 17, 47269
What are the prime factors of 63670?
2, 5, 6367
List the prime factors of 2830186.
2, 1415093
List the prime factors of 37581666.
2, 3, 41, 227, 673
List the prime factors of 813072.
2, 3, 13, 1303
List the prime factors of 441578.
2, 220789
List the prime factors of 3228122.
2, 859, 1879
List the prime factors of 579285.
3, 5, 7, 613
What are the prime factors of 791667?
3, 109, 269
What are the prime factors of 1796838?
2, 3, 299473
What are the prime factors of 291724?
2, 72931
List the prime factors of 1632186.
2, 3, 90677
What are the prime factors of 704162?
2, 352081
List the prime factors of 824129.
313, 2633
What are the prime factors of 1017828?
2, 3, 7, 577
List the prime factors of 159791.
159791
List the prime factors of 998065.
5, 433, 461
List the prime factors of 1285477.
31, 41467
List the prime factors of 395335.
5, 17, 4651
List the prime factors of 74141.
151, 491
List the prime factors of 4610849.
4610849
List the prime factors of 29554755.
3, 5, 17, 115901
What are the prime factors of 2006994?
2, 3, 11, 47, 647
List the prime factors of 385058.
2, 192529
What are the prime factors of 171687?
3, 151, 379
What are the prime factors of 28917912?
2, 3, 929, 1297
What are the prime factors of 732566?
2, 53, 6911
List the prime factors of 59933.
73, 821
List the prime factors of 6380833.
1933, 3301
List the prime factors of 17235230.
2, 5, 1723523
List the prime factors of 6343781.
569, 11149
List the prime factors of 22157679.
3, 2087, 3539
List the prime factors of 203104.
2, 11, 577
List the prime factors of 10499887.
10499887
List the prime factors of 227672.
2, 149, 191
List the prime factors of 1527594.
2, 3, 47, 5417
What are the prime factors of 454924?
2, 113731
List the prime factors of 301843.
301843
What are the prime factors of 19928323?
197, 101159
What are the prime factors of 93214?
2, 11, 19, 223
What are the prime factors of 12908871?
3, 131, 10949
What are the prime factors of 219337?
137, 1601
List the prime factors of 1394533.
7, 41, 43, 113
List the prime factors of 131860.
2, 5, 19, 347
What are the prime factors of 5626976?
2, 175843
List the prime factors of 4417257.
3, 13, 191, 593
List the prime factors of 10270403.
11, 13, 71821
List the prime factors of 435966.
2, 3, 72661
List the prime factors of 737669.
37, 19937
What are the prime factors of 6890192?
2, 499, 863
What are the prime factors of 1363841?
29, 131, 359
What are the prime factors of 577238?
2, 397, 727
List the prime factors of 576188.
2, 283, 509
What are the prime factors of 1561729?
13, 9241
List the prime factors of 5321115.
3, 5, 118247
List the prime factors of 3975811.
7, 41, 1979
List the prime factors of 3387251.
7, 89, 5437
List the prime factors of 11016550.
2, 5, 79, 2789
What are the prime factors of 600086?
2, 300043
What are the prime factors of 937709?
937709
List the prime factors of 9962386.
2, 7, 59, 1723
List the prime factors of 295089.
3, 19, 31, 167
List the prime factors of 5556243.
3, 7, 11, 67, 359
What are the prime factors of 451785?
3, 5, 30119
List the prime factors of 153313.
153313
What are the prime factors of 1471177?
1471177
List the prime factors of 500395.
5, 7, 17, 29
What are the prime factors of 221315?
5, 44263
List the prime factors of 166962.
2, 3, 27827
What are the prime factors of 24592224?
2, 3, 256169
List the prime factors of 6569456.
2, 53, 61, 127
What are the prime factors of 2708296?
2, 23, 41, 359
What are the prime factors of 69863?
19, 3677
What are the prime factors of 729389?
729389
What are the prime factors of 801936?
2, 3, 5569
List the prime factors of 12301686.
2, 3, 37, 47, 131
What are the prime factors of 74360?
2, 5, 11, 13
What are the prime factors of 2762430?
2, 3, 5, 11, 761
What are the prime factors of 1820360?
2, 5, 17, 2677
What are the prime factors of 226681?
7, 13, 47, 53
What are the prime factors of 8058284?
2, 13, 353, 439
What are the prime factors of 324043?
31, 10453
List the prime factors of 14253604.
2, 3563401
List the prime factors of 14549639.
13, 23, 48661
What are the prime factors of 2979693?
3, 110359
List the prime factors of 140606.
2, 229, 307
What are the prime factors of 288520?
2, 5, 7213
What are the prime factors of 186485?
5, 13, 19, 151
List the prime factors of 4700782.
2, 53, 61, 727
List the prime factors of 320341.
7, 45763
List the prime factors of 359652.
2, 3, 17, 41, 43
What are the prime factors of 120927?
3, 173, 233
What are the prime factors of 9100058?
2, 11, 127, 3257
List the prime factors of 518123.
518123
List the prime factors of 12812126.
2, 163, 39301
List the prime factors of 4353094.
2, 2176547
What are the prime factors of 230739?
3, 76913
List the prime factors of 17059.
7, 2437
List the prime factors of 115800.
2, 3, 5, 193
What are the prime factors of 910922?
2, 455461
List the prime factors of 482122.
2, 241061
What are the prime factors of 606651?
3, 19, 29, 367
What are the prime factors of 1183917?
3, 7, 56377
List the prime factors of 6216884.
2, 1554221
List the prime factors of 261511.
17, 15383
List the prime factors of 1259384.
2, 7, 43, 523
What are the prime factors of 2298674?
2, 7, 164191
What are the prime factors of 1144260?
2, 3, 5, 13, 163
List the prime factors of 11392384.
2, 89003
What are the prime factors of 3227419?
13, 409, 607
What are the prime factors of 6822104?
2, 852763
What are the prime factors of 2834223?
3, 7, 17, 467
What are the prime factors of 11158996?
2, 1549, 1801
List the prime factors of 1366039.
23, 59393
List the prime factors of 8699006.
2, 79, 55057
List the prime factors of 10611961.
17, 624233
List the prime factors of 722190.
2, 3, 5, 7, 19, 181
List the prime factors of 203408.
2, 12713
List the prime factors of 1146061.
7, 19, 1231
List the prime factors of 113505.
3, 5, 7, 23, 47
List the prime factors of 327017.
327017
What are the prime factors of 947932?
2, 236983
What are the prime factors of 880343?
880343
List the prime factors of 1397581.
1397581
List the prime factors of 140095.
5, 28019
List the prime factors of 1180349.
41, 28789
What are the prime factors of 3146466?
2, 3, 524411
What are the prime factors of 3689438?
2, 29, 63611
What are the prime factors of 418719?
3, 7, 127, 157
What are the prime factors of 1224889?
1224889
List the prime factors of 406068.
2, 3, 13, 19, 137
What are the prime factors of 274273?
71, 3863
What are the prime factors of 248192?
2, 7, 277
List the prime factors of 1149304.
2, 13, 43, 257
List the prime factors of 266661.
3, 29629
List the prime factors of 19720.
2, 5, 17, 29
List the prime factors of 142451.
167, 853
List the prime factors of 1252604.
2, 313151
List the prime factors of 21579901.
7, 3082843
List the prime factors of 1161547.
1161547
What are the prime factors of 5434587?
3, 201281
List the prime factors of 109174.
2, 13, 17, 19
List the prime factors of 3780375.
3, 5, 17, 593
List the prime factors of 6522602.
2, 233, 13997
What are the prime factors of 41263736?
2, 5157967
What are the prime factors of 194939?
17, 11467
List the prime factors 